{"id":444,"date":"2025-12-03T14:12:06","date_gmt":"2025-12-03T17:12:06","guid":{"rendered":"https:\/\/portfolio.360br.com.br\/associquim\/?page_id=444"},"modified":"2025-12-03T14:33:50","modified_gmt":"2025-12-03T17:33:50","slug":"sobre-a-sincoquim","status":"publish","type":"page","link":"https:\/\/portfolio.360br.com.br\/associquim\/sobre-a-sincoquim\/","title":{"rendered":"Sobre a Sincoquim"},"content":{"rendered":"\t\t<div data-elementor-type=\"wp-page\" data-elementor-id=\"444\" class=\"elementor elementor-444\" data-elementor-post-type=\"page\">\n\t\t\t\t<div class=\"elementor-element elementor-element-11fd786d e-con-full e-flex e-con e-parent\" data-id=\"11fd786d\" data-element_type=\"container\" data-e-type=\"container\">\n\t\t\t\t<div class=\"elementor-element elementor-element-53a4fe51 elementor-widget elementor-widget-shortcode\" data-id=\"53a4fe51\" data-element_type=\"widget\" data-e-type=\"widget\" data-widget_type=\"shortcode.default\">\n\t\t\t\t\t\t\t<div class=\"elementor-shortcode\">\t\t<div data-elementor-type=\"page\" data-elementor-id=\"373\" class=\"elementor elementor-373\" data-elementor-post-type=\"elementor_library\">\n\t\t\t\t<div class=\"elementor-element elementor-element-532e0f89 e-con-full e-flex e-con e-parent\" data-id=\"532e0f89\" data-element_type=\"container\" data-e-type=\"container\" data-settings=\"{&quot;background_background&quot;:&quot;classic&quot;}\">\n\t\t\t\t<div class=\"elementor-element elementor-element-5b594a58 elementor-align-center elementor-widget elementor-widget-breadcrumbs\" data-id=\"5b594a58\" data-element_type=\"widget\" data-e-type=\"widget\" data-widget_type=\"breadcrumbs.default\">\n\t\t\t\t\t<p id=\"breadcrumbs\"><span><span><a href=\"https:\/\/portfolio.360br.com.br\/associquim\/\">In\u00edcio<\/a><\/span><\/span><\/p>\t\t\t\t<\/div>\n\t\t\t\t<\/div>\n\t\t\t\t<\/div>\n\t\t<\/div>\n\t\t\t\t\t\t<\/div>\n\t\t\t\t<\/div>\n\t\t<div class=\"elementor-element elementor-element-5f368173 e-flex e-con-boxed e-con e-parent\" data-id=\"5f368173\" data-element_type=\"container\" data-e-type=\"container\" data-settings=\"{&quot;background_background&quot;:&quot;classic&quot;}\">\n\t\t\t\t\t<div class=\"e-con-inner\">\n\t\t<div class=\"elementor-element elementor-element-3cbbf66d e-con-full e-flex e-con e-child\" data-id=\"3cbbf66d\" data-element_type=\"container\" data-e-type=\"container\" data-settings=\"{&quot;background_background&quot;:&quot;classic&quot;}\">\n\t\t\t\t<div class=\"elementor-element elementor-element-142d166c elementor-widget elementor-widget-heading\" data-id=\"142d166c\" data-element_type=\"widget\" data-e-type=\"widget\" data-widget_type=\"heading.default\">\n\t\t\t\t\t<h1 class=\"elementor-heading-title elementor-size-default\">Sincoquim<\/h1>\t\t\t\t<\/div>\n\t\t\t\t<div class=\"elementor-element elementor-element-7ea702d8 elementor-widget-divider--view-line elementor-widget elementor-widget-divider\" data-id=\"7ea702d8\" data-element_type=\"widget\" data-e-type=\"widget\" data-widget_type=\"divider.default\">\n\t\t\t\t\t\t\t<div class=\"elementor-divider\">\n\t\t\t<span class=\"elementor-divider-separator\">\n\t\t\t\t\t\t<\/span>\n\t\t<\/div>\n\t\t\t\t\t\t<\/div>\n\t\t\t\t<div class=\"elementor-element elementor-element-15d11f0e elementor-widget elementor-widget-text-editor\" data-id=\"15d11f0e\" data-element_type=\"widget\" data-e-type=\"widget\" data-widget_type=\"text-editor.default\">\n\t\t\t\t\t\t\t\t\t<p>O\u00a0<strong>SINCOQUIM<\/strong>\u00a0\u2013 <strong>Sindicato do Com\u00e9rcio Atacadista, Importador e Exportador\u00a0de Produtos Qu\u00edmicos e Petroqu\u00edmicos no Estado de S\u00e3o Paulo,<\/strong>\u00a0fundado em 1972, \u00e9 entidade sindical patronal filiada \u00e0\u00a0FECOMERCIO SP \u2013 Federa\u00e7\u00e3o do Com\u00e9rcio de Bens, Servi\u00e7os e Turismo do Estado de S\u00e3o Paulo, e representa as empresas localizadas no Estado de S\u00e3o Paulo que operam no segmento do com\u00e9rcio e distribui\u00e7\u00e3o de produtos qu\u00edmicos e petroqu\u00edmicos utilizados na produ\u00e7\u00e3o industrial.<\/p><p>Como Entidade Sindical, participa das negocia\u00ad\u00e7\u00f5es salariais, firmando acordos e conven\u00e7\u00f5es coletivas de trabalho, al\u00e9m de manter uma Assessoria Trabalhista para atender, dirimir d\u00favidas e orientar as associadas.<\/p><p>Os C\u00f3digos Nacionais de Atividade Econ\u00f4mica (CNAEs) engloba\u00addos pelo SINCOQUIM s\u00e3o:<\/p><p><strong>4684-2 <\/strong>&#8211; Com\u00e9rcio Atacadista de Produtos Qu\u00edmicos e Petroqu\u00ed\u00admicos exceto agroqu\u00edmicos<\/p><p>Subclasses:<\/p><p><strong>4684-2\/01 <\/strong>&#8211; Com\u00e9rcio Atacadista de Resinas e Elast\u00f4meros<\/p><p><strong>4684-2\/02 <\/strong>&#8211; Com\u00e9rcio Atacadista de Solventes<\/p><p><strong>4684-2\/99 <\/strong>&#8211; Com\u00e9rcio Atacadista de Outros Produtos Qu\u00edmicos e Petroqu\u00edmicos n\u00e3o especificados anteriormente<\/p><p><strong>4683-4\/00 <\/strong>&#8211; Com\u00e9rcio Atacadista de Defensivos Agr\u00edcolas, adu\u00adbos, fertilizantes e corretivos do solo<\/p><p><strong>4692-3\/00 <\/strong>&#8211; Com\u00e9rcio Atacadista de Mercadorias em geral, com predomin\u00e2ncia de insumos agropecu\u00e1rios<\/p>\t\t\t\t\t\t\t\t<\/div>\n\t\t\t\t<\/div>\n\t\t<div class=\"elementor-element elementor-element-5f1fb118 e-con-full e-flex e-con e-child\" data-id=\"5f1fb118\" data-element_type=\"container\" data-e-type=\"container\" data-settings=\"{&quot;background_background&quot;:&quot;gradient&quot;}\">\n\t\t\t\t<div class=\"elementor-element elementor-element-afd65e4 elementor-widget elementor-widget-heading\" data-id=\"afd65e4\" data-element_type=\"widget\" data-e-type=\"widget\" data-widget_type=\"heading.default\">\n\t\t\t\t\t<h1 class=\"elementor-heading-title elementor-size-default\">Sincoquim 50 anos<br>1972-2022<\/h1>\t\t\t\t<\/div>\n\t\t\t\t<div class=\"elementor-element elementor-element-a9929dd elementor-widget elementor-widget-ha-creative-button happy-addon ha-creative-button\" data-id=\"a9929dd\" data-element_type=\"widget\" data-e-type=\"widget\" data-widget_type=\"ha-creative-button.default\">\n\t\t\t\t\t\t\t<div data-magnetic=\"no\" class=\"ha-creative-btn-wrap\">\n\t\t\t<a class=\"ha-creative-btn ha-stl--estilo ha-eft--dissolve\" href=\"https:\/\/portfolio.360br.com.br\/associquim\/wp-content\/uploads\/2025\/12\/Folder-Sincoquim-50-anos.pdf\" target=\"_blank\">Saiba Mais<\/a>\n\t\t<\/div>\t\t\t\t<\/div>\n\t\t\t\t<\/div>\n\t\t\t\t\t<\/div>\n\t\t\t\t<\/div>\n\t\t<div class=\"elementor-element elementor-element-2999c67 e-flex e-con-boxed e-con e-parent\" data-id=\"2999c67\" data-element_type=\"container\" data-e-type=\"container\">\n\t\t\t\t\t<div class=\"e-con-inner\">\n\t\t\t\t<div class=\"elementor-element elementor-element-1b633436 elementor-widget elementor-widget-heading\" data-id=\"1b633436\" data-element_type=\"widget\" data-e-type=\"widget\" data-widget_type=\"heading.default\">\n\t\t\t\t\t<h3 class=\"elementor-heading-title elementor-size-default\">Conhe\u00e7a um Pouco Mais<\/h3>\t\t\t\t<\/div>\n\t\t<div class=\"elementor-element elementor-element-fb0b881 e-con-full e-flex e-con e-child\" data-id=\"fb0b881\" data-element_type=\"container\" data-e-type=\"container\">\n\t\t\t\t<div class=\"elementor-element elementor-element-2686ea54 elementor-widget__width-inherit ha-infobox-media-dir-top elementor-widget elementor-widget-ha-infobox happy-addon ha-infobox\" data-id=\"2686ea54\" data-element_type=\"widget\" data-e-type=\"widget\" data-widget_type=\"ha-infobox.default\">\n\t\t\t\t\t\n\t\t\t\t\t<figure class=\"ha-infobox-figure ha-infobox-figure--icon\">\n\t\t\t\t<i class=\"hm hm-team-member\"><\/i>\t\t\t<\/figure>\n\t\t\n\t\t<div class=\"ha-infobox-body\">\n\t\t\t<h2 class=\"ha-infobox-title\">Diretoria<\/h2>\n\t\t\t\n\t\t\t<a class=\"ha-btn ha-btn--link\" href=\"#\"><span class=\"ha-btn-text\">Clique aqui<\/span><\/a>\t\t<\/div>\n\t\t\t\t\t\t<\/div>\n\t\t\t\t<div class=\"elementor-element elementor-element-3db0fe4b elementor-widget__width-inherit ha-infobox-media-dir-top elementor-widget elementor-widget-ha-infobox happy-addon ha-infobox\" data-id=\"3db0fe4b\" data-element_type=\"widget\" data-e-type=\"widget\" data-widget_type=\"ha-infobox.default\">\n\t\t\t\t\t\n\t\t\t\t\t<figure class=\"ha-infobox-figure ha-infobox-figure--icon\">\n\t\t\t\t<i class=\"huge huge-book-open-01\"><\/i>\t\t\t<\/figure>\n\t\t\n\t\t<div class=\"ha-infobox-body\">\n\t\t\t<h2 class=\"ha-infobox-title\">C\u00f3digo de \u00e9tica<\/h2>\n\t\t\t\n\t\t\t<a class=\"ha-btn ha-btn--link\" href=\"#\"><span class=\"ha-btn-text\">Clique aqui<\/span><\/a>\t\t<\/div>\n\t\t\t\t\t\t<\/div>\n\t\t\t\t<div class=\"elementor-element elementor-element-e482c27 elementor-widget__width-inherit ha-infobox-media-dir-top elementor-widget elementor-widget-ha-infobox happy-addon ha-infobox\" data-id=\"e482c27\" data-element_type=\"widget\" data-e-type=\"widget\" data-widget_type=\"ha-infobox.default\">\n\t\t\t\t\t\n\t\t\t\t\t<figure class=\"ha-infobox-figure ha-infobox-figure--icon\">\n\t\t\t\t<i class=\"huge huge-google-doc\"><\/i>\t\t\t<\/figure>\n\t\t\n\t\t<div class=\"ha-infobox-body\">\n\t\t\t<h2 class=\"ha-infobox-title\">Guias e tabela<\/h2>\n\t\t\t\n\t\t\t<a class=\"ha-btn ha-btn--link\" href=\"#\"><span class=\"ha-btn-text\">Clique aqui<\/span><\/a>\t\t<\/div>\n\t\t\t\t\t\t<\/div>\n\t\t\t\t<\/div>\n\t\t\t\t\t<\/div>\n\t\t\t\t<\/div>\n\t\t\t\t<\/div>\n\t\t","protected":false},"excerpt":{"rendered":"<p>Sincoquim O\u00a0SINCOQUIM\u00a0\u2013 Sindicato do Com\u00e9rcio Atacadista, Importador e Exportador\u00a0de Produtos Qu\u00edmicos e Petroqu\u00edmicos no Estado de S\u00e3o Paulo,\u00a0fundado em 1972, \u00e9 entidade sindical patronal filiada \u00e0\u00a0FECOMERCIO SP \u2013 Federa\u00e7\u00e3o do Com\u00e9rcio de Bens, Servi\u00e7os e Turismo do Estado de S\u00e3o Paulo, e representa as empresas localizadas no Estado de S\u00e3o Paulo que operam no segmento [&hellip;]<\/p>\n","protected":false},"author":1,"featured_media":0,"parent":0,"menu_order":0,"comment_status":"closed","ping_status":"closed","template":"","meta":{"footnotes":""},"class_list":["post-444","page","type-page","status-publish","hentry"],"yoast_head":"<!-- This site is optimized with the Yoast SEO plugin v27.5 - https:\/\/yoast.com\/product\/yoast-seo-wordpress\/ -->\n<title>Sobre a Sincoquim - Associquim Sincoquim<\/title>\n<meta name=\"robots\" content=\"index, follow, max-snippet:-1, max-image-preview:large, max-video-preview:-1\" \/>\n<link rel=\"canonical\" href=\"https:\/\/portfolio.360br.com.br\/associquim\/sobre-a-sincoquim\/\" \/>\n<meta property=\"og:locale\" content=\"pt_BR\" \/>\n<meta property=\"og:type\" content=\"article\" \/>\n<meta property=\"og:title\" content=\"Sobre a Sincoquim - Associquim Sincoquim\" \/>\n<meta property=\"og:description\" content=\"Sincoquim O\u00a0SINCOQUIM\u00a0\u2013 Sindicato do Com\u00e9rcio Atacadista, Importador e Exportador\u00a0de Produtos Qu\u00edmicos e Petroqu\u00edmicos no Estado de S\u00e3o Paulo,\u00a0fundado em 1972, \u00e9 entidade sindical patronal filiada \u00e0\u00a0FECOMERCIO SP \u2013 Federa\u00e7\u00e3o do Com\u00e9rcio de Bens, Servi\u00e7os e Turismo do Estado de S\u00e3o Paulo, e representa as empresas localizadas no Estado de S\u00e3o Paulo que operam no segmento [&hellip;]\" \/>\n<meta property=\"og:url\" content=\"https:\/\/portfolio.360br.com.br\/associquim\/sobre-a-sincoquim\/\" \/>\n<meta property=\"og:site_name\" content=\"Associquim Sincoquim\" \/>\n<meta property=\"article:modified_time\" content=\"2025-12-03T17:33:50+00:00\" \/>\n<meta name=\"twitter:card\" content=\"summary_large_image\" \/>\n<meta name=\"twitter:label1\" content=\"Est. tempo de leitura\" \/>\n\t<meta name=\"twitter:data1\" content=\"2 minutos\" \/>\n<script type=\"application\/ld+json\" class=\"yoast-schema-graph\">{\"@context\":\"https:\\\/\\\/schema.org\",\"@graph\":[{\"@type\":\"WebPage\",\"@id\":\"https:\\\/\\\/portfolio.360br.com.br\\\/associquim\\\/sobre-a-sincoquim\\\/\",\"url\":\"https:\\\/\\\/portfolio.360br.com.br\\\/associquim\\\/sobre-a-sincoquim\\\/\",\"name\":\"Sobre a Sincoquim - Associquim Sincoquim\",\"isPartOf\":{\"@id\":\"https:\\\/\\\/portfolio.360br.com.br\\\/associquim\\\/#website\"},\"datePublished\":\"2025-12-03T17:12:06+00:00\",\"dateModified\":\"2025-12-03T17:33:50+00:00\",\"breadcrumb\":{\"@id\":\"https:\\\/\\\/portfolio.360br.com.br\\\/associquim\\\/sobre-a-sincoquim\\\/#breadcrumb\"},\"inLanguage\":\"pt-BR\",\"potentialAction\":[{\"@type\":\"ReadAction\",\"target\":[\"https:\\\/\\\/portfolio.360br.com.br\\\/associquim\\\/sobre-a-sincoquim\\\/\"]}]},{\"@type\":\"BreadcrumbList\",\"@id\":\"https:\\\/\\\/portfolio.360br.com.br\\\/associquim\\\/sobre-a-sincoquim\\\/#breadcrumb\",\"itemListElement\":[{\"@type\":\"ListItem\",\"position\":1,\"name\":\"In\u00edcio\",\"item\":\"https:\\\/\\\/portfolio.360br.com.br\\\/associquim\\\/\"},{\"@type\":\"ListItem\",\"position\":2,\"name\":\"Sobre a Sincoquim\"}]},{\"@type\":\"WebSite\",\"@id\":\"https:\\\/\\\/portfolio.360br.com.br\\\/associquim\\\/#website\",\"url\":\"https:\\\/\\\/portfolio.360br.com.br\\\/associquim\\\/\",\"name\":\"Associquim Sincoquim\",\"description\":\"A ASSOCIQUIM \u2013 Associa\u00e7\u00e3o Brasileira dos Distribuidores de Produtos Qu\u00edmicos e Petroqu\u00edmicos, \u00e9 uma entidade civil, com atua\u00e7\u00e3o em \u00e2mbito nacional desde 1960 e tem como objetivo representar as empresas do setor, que fazem o link entre os produtores de insumos qu\u00edmicos e petroqu\u00edmicos e as micro, pequenas e m\u00e9dias ind\u00fastrias, desenvolvendo trabalhos e estudos, promovendo reuni\u00f5es e discuss\u00f5es a respeito das condi\u00e7\u00f5es nas quais se desenvolvem as atividades comerciais do segmento.\",\"publisher\":{\"@id\":\"https:\\\/\\\/portfolio.360br.com.br\\\/associquim\\\/#organization\"},\"potentialAction\":[{\"@type\":\"SearchAction\",\"target\":{\"@type\":\"EntryPoint\",\"urlTemplate\":\"https:\\\/\\\/portfolio.360br.com.br\\\/associquim\\\/?s={search_term_string}\"},\"query-input\":{\"@type\":\"PropertyValueSpecification\",\"valueRequired\":true,\"valueName\":\"search_term_string\"}}],\"inLanguage\":\"pt-BR\"},{\"@type\":\"Organization\",\"@id\":\"https:\\\/\\\/portfolio.360br.com.br\\\/associquim\\\/#organization\",\"name\":\"Associquim Sincoquim\",\"url\":\"https:\\\/\\\/portfolio.360br.com.br\\\/associquim\\\/\",\"logo\":{\"@type\":\"ImageObject\",\"inLanguage\":\"pt-BR\",\"@id\":\"https:\\\/\\\/portfolio.360br.com.br\\\/associquim\\\/#\\\/schema\\\/logo\\\/image\\\/\",\"url\":\"https:\\\/\\\/portfolio.360br.com.br\\\/associquim\\\/wp-content\\\/uploads\\\/2025\\\/11\\\/logo-associquim.png\",\"contentUrl\":\"https:\\\/\\\/portfolio.360br.com.br\\\/associquim\\\/wp-content\\\/uploads\\\/2025\\\/11\\\/logo-associquim.png\",\"width\":213,\"height\":94,\"caption\":\"Associquim Sincoquim\"},\"image\":{\"@id\":\"https:\\\/\\\/portfolio.360br.com.br\\\/associquim\\\/#\\\/schema\\\/logo\\\/image\\\/\"}}]}<\/script>\n<!-- \/ Yoast SEO plugin. -->","yoast_head_json":{"title":"Sobre a Sincoquim - Associquim Sincoquim","robots":{"index":"index","follow":"follow","max-snippet":"max-snippet:-1","max-image-preview":"max-image-preview:large","max-video-preview":"max-video-preview:-1"},"canonical":"https:\/\/portfolio.360br.com.br\/associquim\/sobre-a-sincoquim\/","og_locale":"pt_BR","og_type":"article","og_title":"Sobre a Sincoquim - Associquim Sincoquim","og_description":"Sincoquim O\u00a0SINCOQUIM\u00a0\u2013 Sindicato do Com\u00e9rcio Atacadista, Importador e Exportador\u00a0de Produtos Qu\u00edmicos e Petroqu\u00edmicos no Estado de S\u00e3o Paulo,\u00a0fundado em 1972, \u00e9 entidade sindical patronal filiada \u00e0\u00a0FECOMERCIO SP \u2013 Federa\u00e7\u00e3o do Com\u00e9rcio de Bens, Servi\u00e7os e Turismo do Estado de S\u00e3o Paulo, e representa as empresas localizadas no Estado de S\u00e3o Paulo que operam no segmento [&hellip;]","og_url":"https:\/\/portfolio.360br.com.br\/associquim\/sobre-a-sincoquim\/","og_site_name":"Associquim Sincoquim","article_modified_time":"2025-12-03T17:33:50+00:00","twitter_card":"summary_large_image","twitter_misc":{"Est. tempo de leitura":"2 minutos"},"schema":{"@context":"https:\/\/schema.org","@graph":[{"@type":"WebPage","@id":"https:\/\/portfolio.360br.com.br\/associquim\/sobre-a-sincoquim\/","url":"https:\/\/portfolio.360br.com.br\/associquim\/sobre-a-sincoquim\/","name":"Sobre a Sincoquim - Associquim Sincoquim","isPartOf":{"@id":"https:\/\/portfolio.360br.com.br\/associquim\/#website"},"datePublished":"2025-12-03T17:12:06+00:00","dateModified":"2025-12-03T17:33:50+00:00","breadcrumb":{"@id":"https:\/\/portfolio.360br.com.br\/associquim\/sobre-a-sincoquim\/#breadcrumb"},"inLanguage":"pt-BR","potentialAction":[{"@type":"ReadAction","target":["https:\/\/portfolio.360br.com.br\/associquim\/sobre-a-sincoquim\/"]}]},{"@type":"BreadcrumbList","@id":"https:\/\/portfolio.360br.com.br\/associquim\/sobre-a-sincoquim\/#breadcrumb","itemListElement":[{"@type":"ListItem","position":1,"name":"In\u00edcio","item":"https:\/\/portfolio.360br.com.br\/associquim\/"},{"@type":"ListItem","position":2,"name":"Sobre a Sincoquim"}]},{"@type":"WebSite","@id":"https:\/\/portfolio.360br.com.br\/associquim\/#website","url":"https:\/\/portfolio.360br.com.br\/associquim\/","name":"Associquim Sincoquim","description":"A ASSOCIQUIM \u2013 Associa\u00e7\u00e3o Brasileira dos Distribuidores de Produtos Qu\u00edmicos e Petroqu\u00edmicos, \u00e9 uma entidade civil, com atua\u00e7\u00e3o em \u00e2mbito nacional desde 1960 e tem como objetivo representar as empresas do setor, que fazem o link entre os produtores de insumos qu\u00edmicos e petroqu\u00edmicos e as micro, pequenas e m\u00e9dias ind\u00fastrias, desenvolvendo trabalhos e estudos, promovendo reuni\u00f5es e discuss\u00f5es a respeito das condi\u00e7\u00f5es nas quais se desenvolvem as atividades comerciais do segmento.","publisher":{"@id":"https:\/\/portfolio.360br.com.br\/associquim\/#organization"},"potentialAction":[{"@type":"SearchAction","target":{"@type":"EntryPoint","urlTemplate":"https:\/\/portfolio.360br.com.br\/associquim\/?s={search_term_string}"},"query-input":{"@type":"PropertyValueSpecification","valueRequired":true,"valueName":"search_term_string"}}],"inLanguage":"pt-BR"},{"@type":"Organization","@id":"https:\/\/portfolio.360br.com.br\/associquim\/#organization","name":"Associquim Sincoquim","url":"https:\/\/portfolio.360br.com.br\/associquim\/","logo":{"@type":"ImageObject","inLanguage":"pt-BR","@id":"https:\/\/portfolio.360br.com.br\/associquim\/#\/schema\/logo\/image\/","url":"https:\/\/portfolio.360br.com.br\/associquim\/wp-content\/uploads\/2025\/11\/logo-associquim.png","contentUrl":"https:\/\/portfolio.360br.com.br\/associquim\/wp-content\/uploads\/2025\/11\/logo-associquim.png","width":213,"height":94,"caption":"Associquim Sincoquim"},"image":{"@id":"https:\/\/portfolio.360br.com.br\/associquim\/#\/schema\/logo\/image\/"}}]}},"_links":{"self":[{"href":"https:\/\/portfolio.360br.com.br\/associquim\/wp-json\/wp\/v2\/pages\/444","targetHints":{"allow":["GET"]}}],"collection":[{"href":"https:\/\/portfolio.360br.com.br\/associquim\/wp-json\/wp\/v2\/pages"}],"about":[{"href":"https:\/\/portfolio.360br.com.br\/associquim\/wp-json\/wp\/v2\/types\/page"}],"author":[{"embeddable":true,"href":"https:\/\/portfolio.360br.com.br\/associquim\/wp-json\/wp\/v2\/users\/1"}],"replies":[{"embeddable":true,"href":"https:\/\/portfolio.360br.com.br\/associquim\/wp-json\/wp\/v2\/comments?post=444"}],"version-history":[{"count":25,"href":"https:\/\/portfolio.360br.com.br\/associquim\/wp-json\/wp\/v2\/pages\/444\/revisions"}],"predecessor-version":[{"id":473,"href":"https:\/\/portfolio.360br.com.br\/associquim\/wp-json\/wp\/v2\/pages\/444\/revisions\/473"}],"wp:attachment":[{"href":"https:\/\/portfolio.360br.com.br\/associquim\/wp-json\/wp\/v2\/media?parent=444"}],"curies":[{"name":"wp","href":"https:\/\/api.w.org\/{rel}","templated":true}]}}